ors of d(n).
3, 5, 19
Suppose 3*i + 5*n - 41 = 0, 4*n + n = 2*i + 6. Let l(g) = -g**3 + 8*g**2 - 8*g + 4. Let o be l(i). What are the prime factors of 6 + (-476)/o - 4/6?
2, 41
Let c be (172 - -5) + -4 + 3 + -5. Suppose 157*w - c*w + 4872 = 0. What are the prime factors of w?
2, 3, 29
Let s be 24/11 + 1 + (-65)/55. Suppose -5*n + 3496 = -0*n + r, 1395 = s*n - 3*r. What are the prime factors of n?
3, 233
Suppose 4*v = 55 + 65. Let y be 2/3 + 1270/v. Suppose y = -3*s + 5*m + 151, -2*m = -4*s + 158. What are the prime factors of s?
41
Let p(r) = 2*r**3 + 30*r**2 + 3*r - 54. Let s be p(-14). Let h = s + -191. List the prime factors of h.
3, 5, 7
Let y(k) = k**3 + 24*k**2 - 8*k - 77. Let f be y(-17). Suppose 0 = -19*b + 14*b + 15, 0 = -3*i + 2*b + f. What are the prime factors of i?
2, 3, 29
Let k = -1017 - -2200. Suppose -5*r - k = -4*y, y = r - 0*r + 295. List the prime factors of y.
2, 73
Let x = 299 + -304. What are the prime factors of (3 + x)/((-14)/4375)?
5
Suppose -80 = j + 182. Let u be (-378 + -9 + 12)*1*-1. Let p = j + u. List the prime factors of p.
113
Let h = -8490 + 14328. List the prime factors of h.
2, 3, 7, 139
Suppose 0 = 4*v - 4*a - 12164, 6*v + 4*a + 15210 = 11*v. Let x = v + -1537. List the prime factors of x.
3, 503
Suppose 5*j + 25 = 0, -4*v - 3*j = -0*j - 173. Suppose -9*z + 10*z + 13 = 0. Let q = z + v. List the prime factors of q.
2, 17
Suppose 4*t - 270014 = -1489*b + 1484*b, 0 = 4*t - b - 270002. What are the prime factors of t?
7, 9643
Suppose 9 = 3*g - 3*x, 3*g - 3*x - 6 = -x. Suppose t + g = -0. Suppose t = -l + 5*c - 2*c + 34, -2*c + 54 = l. List the prime factors of l.
2, 23
Suppose 0 = -8*p + 10*p - 94. Let x = p + 21. What are the prime factors of x?
2, 17
Let j(h) = -47*h**3 + 7*h**2. Let s(t) = -23*t**3 + 3*t**2. Let d(n) = 2*j(n) - 5*s(n). Let y be d(1). Suppose -4 = r - y. List the prime factors of r.
2
Let p(z) = -10*z**3 - 66*z**2 - 44*z + 11. What are the prime factors of p(-9)?
2351
Suppose -5*d - 142 = -212. What are the prime factors of 2292/18*63/d?
3, 191
Let q = 16186 - 11116. What are the prime factors of q?
2, 3, 5, 13
Suppose 40 = 2*r + 6*r. Suppose 57*q = 60*q + j - 1367, -4*j + 2269 = r*q. What are the prime factors of q?
457
Let q be (-8)/(-6) - 84/(-18). Suppose -2*k + 0 = -q, 2785 = 4*n + 3*k. List the prime factors of n.
2, 347
Let p(k) = 368*k**2 - 38*k - 370. List the prime factors of p(-11).
2, 7, 199
Let z(s) = -s**3 + 3*s**2 - 2*s + 4. Let m be z(3). Let f(g) = g**2 + g + 2. Let t be f(m). Suppose 110 = t*b - 26. What are the prime factors of b?
2, 17
Let g = -14164 + 23108. List the prime factors of g.
2, 13, 43
Let y = 2051 + -1258. Suppose 4*q + y = 5*q. What are the prime factors of q?
13, 61
Let q = -4099 + 5129. What are the prime factors of q?
2, 5, 103
Let x(z) = -64*z - 20. Suppose -1 = -3*g - 5*q - 11, -q = 2*g + 9. What are the prime factors of x(g)?
2, 3, 5
List the prime factors of (195/(-12))/(60/(-14496)).
2, 13, 151
Let n = -3183 + 4765. Let p = n - -24. List the prime factors of p.
2, 11, 73
Let d(n) = 7*n**3 - 9*n**2 - n + 228. List the prime factors of d(10).
2, 3, 13
Let t = 36 + -33. Suppose 0*f - 4*f = 12, 9 = -t*h - 3*f. Suppose h = 4*k + g - 230, 2*g - 76 = -k - 22. List the prime factors of k.
2, 29
Let u(m) = -1025*m - 333. Let a be u(-8). Suppose a - 2908 = 9*k. List the prime factors of k.
19, 29
What are the prime factors of (-15)/(-6)*88/(-55)*-1951?
2, 1951
Suppose 3*z = -5*g + 2564, -4*z - 1010 = 3*g - 5*g. Let j = g - -184. List the prime factors of j.
5, 139
List the prime factors of 7441 + (38*3/(-24) - 6/24).
2, 11, 13
Let h(c) = 97*c + 2. Let y be h(2). Let x be 2/(-5) + 1 + (-3558)/30. Let s = y + x. What are the prime factors of s?
2, 3, 13
Let i(c) = 3*c**2 + 131*c - 300. What are the prime factors of i(-62)?
2, 5, 311
Let z(j) = -13*j - 141. Suppose 0 = -14*s - 277 - 297. List the prime factors of z(s).
2, 7
Let s(q) = q**2 + 3*q + 9. Let f be s(-8). Let p = 57 - f. Suppose -12*w = -p*w - 84. What are the prime factors of w?
3, 7
Suppose -42*l = -133485 - 135819. What are the prime factors of l?
2, 7, 229
Suppose 2*t + 3*o - 406 = 0, -3*t - 4*o = -2*o - 604. Suppose 6*x + t = -4*x. What are the prime factors of (112/x)/((-24)/(-25) - 1)?
2, 5, 7
List the prime factors of (-67)/6 + (25 - 13) - (-4429)/6.
739
Let b = -34 + 41. Let n be (-8 + b)/((-1)/48). Suppose n*h = 46*h + 96. List the prime factors of h.
2, 3
Suppose 5*x - 3*n = 74414, -237*x - 3*n - 14890 = -238*x. List the prime factors of x.
23, 647
Let c(v) = -635*v - 453. List the prime factors of c(-7).
2, 499
Suppose -2*t + 10 = -t. Suppose 2 = -t*i + 2. Suppose 1071 = 5*q - 2*v, -5*q + 2*v + 3*v + 1080 = i. What are the prime factors of q?
3, 71
Let x(d) = 8004*d**2 + 25*d - 10. List the prime factors of x(-1).
13, 613
Let d(z) = -2*z. Let a(l) = 34*l + 46. Let j(f) = a(f) + 2*d(f). What are the prime factors of j(13)?
2, 109
Suppose -3*r - 34*w = -37*w - 12798, 0 = -5*w - 15. What are the prime factors of r?
3, 7, 29
Suppose -8*u + 4*u + 28 = 0. Let i = u - 11. List the prime factors of i/(-6) - (-52)/3.
2, 3
Let c = -286 + 295. What are the prime factors of (-4 - (-33)/c)*-192*2?
2
Let n(p) = -40*p - 5. Suppose -5*o - 64 = 16. Let g be n(o). Suppose j = 5*h - 615, -5*j = -7*h + 2*h + g. List the prime factors of h.
2, 61
Suppose 0 = -5*u + 3*j + 206825, -26*u + 124091 = -23*u - j. List the prime factors of u.
2, 20681
Suppose 6*i - 31 = 161. Suppose 39*r - i*r - 3955 = 0. What are the prime factors of r?
5, 113
Let j = 4 + 0. Suppose -196 = -2*c + j. Let u = 167 - c. List the prime factors of u.
67
Let z(q) = q**3 + 12*q**2 + 4*q + 23. Let s be (-553)/56 + (-1)/8. What are the prime factors of z(s)?
3, 61
Suppose -16*i + 22*i - 192 = 0. Let j(n) = -i + 2*n - 29*n - 16. List the prime factors of j(-7).
3, 47
Let v = -10401 - -20919. List the prime factors of v.
2, 3, 1753
Let n be ((-14)/(-6) - 3) + (-8)/(-3). Suppose 5*w = -2*t + 2, 2*w - n = -w - 2*t. Let u(a) = -a**3 - 3*a + 78. List the prime factors of u(w).
2, 3, 13
Let z(b) = 503*b**2 - 141*b + 430. What are the prime factors of z(3)?
2, 2267
Let o = 3795 + 11878. List the prime factors of o.
7, 2239
Let h be -6 + (-2 - 0) + -2. Let l be (-2 - h/6)*0/2. Suppose l = -5*d + 102 + 8. What are the prime factors of d?
2, 11
Suppose -7*w + 52430 = 7987. List the prime factors of w.
7, 907
Let s(f) = -4302*f - 35. Let a be s(-2). Suppose 0 = -d - 18*d + a. What are the prime factors of d?
11, 41
Suppose -3*r = 4*l - 7355, 8*r = 3*l + 5*r - 5511. Suppose -x - l = -4*d + 2*x, 2*d = -x + 914. What are the prime factors of d?
2, 229
Let m(t) = 799*t**2 + 147*t - 635. What are the prime factors of m(7)?
5, 11, 719
Suppose 0 = -44*g + 20*g + 362064. List the prime factors of g.
2, 19, 397
Suppose 0 = -2*b - 3*x + 3 + 36, 4*b + 2*x - 90 = 0. Suppose 3*a + 7*m - 3*m = -86, -b = a - m. List the prime factors of 39/a - (-217)/2.
107
Let q(f) = -13*f**3 + 62*f**2 - 96*f - 60. Let l(d) = 7*d**3 - 31*d**2 + 47*d + 30. Let r(i) = 11*l(i) + 6*q(i). What are the prime factors of r(28)?
2, 5, 67
Let v(p) = 64*p - 20. Let u be v(8). Suppose s = -s - 3*g - u, -3*g = 12. Let w = -150 - s. What are the prime factors of w?
2, 3, 5
Suppose -5*k - 88*f + 90326 = -91*f, -3*k = -5*f - 54202. What are the prime factors of k?
2, 1129
Let d be (-7 + 8)*(-4 - -7 - -481). Suppose -3*v = 3*j - 4*j + 138, 0 = 3*j + 5*v - d. What are the prime factors of j?
3, 17
Let v = -249 + 1483. Let u = -764 + v. What are the prime factors of u?
2, 5, 47
Let c(y) = -11803*y + 164. What are the prime factors of c(-5)?
23, 31, 83
Let r(v) = 14*v - 27. Let l be r(4). Suppose -5*p = -u - 13 - l, 5*p - 2*u - 44 = 0. What are the prime factors of p?
2
Let s = 66 - 62. Suppose -3*k = -s*t - 6, -5*k - 2*t + 11 = -25. What are the prime factors of 322/k - 18/(-54)?
2, 3
Let w be 1*(-3 + (-4 - (2 + -8))). What are the prime factors of 2/(4*w/(-72))?
2, 3
Suppose 8*m - 5979 - 7141 = 0. Suppose -6085 + m = -7*o. What are the prime factors of o?
5, 127
Suppose -57*v = -5*g - 58*v + 216902, 4*v + 173536 = 4*g. List the prime factors of g.
13, 47, 71
Suppose 16*u - 42*u = 10712. Let v be (6/(-9))/(-1)*60. List the prime factors of (v/(-14))/(-3 - u/140).
2, 5
Suppose -126*r - 5*d + 97145 = 